f 22843574.
2, 13, 101, 8699
What are the prime factors of 229822?
2, 151, 761
List the prime factors of 21864233.
229, 307, 311
What are the prime factors of 315064?
2, 39383
List the prime factors of 124762.
2, 11, 53, 107
What are the prime factors of 143654?
2, 7, 31, 331
List the prime factors of 1187043.
3, 11, 13, 2767
List the prime factors of 317350.
2, 5, 11, 577
List the prime factors of 1654702.
2, 7, 181, 653
List the prime factors of 2186090.
2, 5, 71, 3079
What are the prime factors of 1075430?
2, 5, 41, 43, 61
List the prime factors of 975907.
975907
What are the prime factors of 189246?
2, 3, 31541
What are the prime factors of 71427?
3, 29, 821
List the prime factors of 2678947.
139, 19273
List the prime factors of 234615.
3, 5, 15641
What are the prime factors of 20605432?
2, 2575679
List the prime factors of 88599.
3, 7, 4219
What are the prime factors of 216283?
313, 691
What are the prime factors of 23967982?
2, 617, 19423
List the prime factors of 1346729.
1346729
What are the prime factors of 6302050?
2, 5, 126041
What are the prime factors of 1402723?
7, 28627
List the prime factors of 22461.
3, 7487
List the prime factors of 9034708.
2, 647, 3491
List the prime factors of 9787389.
3, 61, 79, 677
What are the prime factors of 26713002?
2, 3, 29, 153523
List the prime factors of 2954696.
2, 269, 1373
List the prime factors of 652254.
2, 3, 108709
List the prime factors of 9618163.
23, 418181
What are the prime factors of 73405?
5, 53, 277
What are the prime factors of 8010476?
2, 19, 105401
What are the prime factors of 2574574?
2, 23, 97, 577
List the prime factors of 57823.
53, 1091
List the prime factors of 59761.
13, 4597
What are the prime factors of 9066?
2, 3, 1511
List the prime factors of 2849876.
2, 619, 1151
List the prime factors of 1692157.
89, 19013
What are the prime factors of 16693764?
2, 3, 577, 2411
List the prime factors of 7946451.
3, 294313
What are the prime factors of 278427?
3, 92809
List the prime factors of 783485.
5, 71, 2207
List the prime factors of 1456998.
2, 3, 139, 1747
List the prime factors of 300310.
2, 5, 59, 509
What are the prime factors of 2691545?
5, 538309
What are the prime factors of 8546001?
3, 37, 76991
What are the prime factors of 230589?
3, 25621
List the prime factors of 19751001.
3, 29, 131, 1733
List the prime factors of 16101888.
2, 3, 11, 953
What are the prime factors of 1529202?
2, 3, 281, 907
What are the prime factors of 1905905?
5, 381181
List the prime factors of 475786.
2, 233, 1021
What are the prime factors of 272491?
43, 6337
List the prime factors of 2384448.
2, 3, 11, 1129
List the prime factors of 2557586.
2, 727, 1759
What are the prime factors of 9849636?
2, 3, 273601
List the prime factors of 1021544.
2, 149, 857
List the prime factors of 379455.
3, 5, 41, 617
List the prime factors of 584173.
67, 8719
What are the prime factors of 234535?
5, 7, 6701
List the prime factors of 486798.
2, 3, 13, 79
List the prime factors of 340567.
97, 3511
What are the prime factors of 6871304?
2, 11, 113, 691
List the prime factors of 14666721.
3, 29, 263, 641
List the prime factors of 1190980.
2, 5, 7, 47, 181
What are the prime factors of 926893?
11, 84263
List the prime factors of 214187.
19, 11273
List the prime factors of 8684478.
2, 3, 11, 23, 1907
List the prime factors of 83784.
2, 3, 3491
List the prime factors of 8448761.
8448761
What are the prime factors of 1612714?
2, 23, 35059
What are the prime factors of 174587?
7, 509
What are the prime factors of 373091?
373091
What are the prime factors of 17653279?
7, 360271
What are the prime factors of 192842?
2, 13, 7417
What are the prime factors of 6659426?
2, 3329713
What are the prime factors of 15410031?
3, 7, 13, 47, 1201
List the prime factors of 906765.
3, 5, 61, 991
What are the prime factors of 6927323?
13, 233, 2287
List the prime factors of 48004.
2, 11, 1091
What are the prime factors of 20262?
2, 3, 11, 307
List the prime factors of 6456916.
2, 1614229
What are the prime factors of 3947679?
3, 438631
What are the prime factors of 136048?
2, 11, 773
What are the prime factors of 1907308?
2, 13, 43, 853
List the prime factors of 11606979.
3, 47, 263, 313
List the prime factors of 839240.
2, 5, 20981
List the prime factors of 42680915.
5, 8536183
List the prime factors of 27035.
5, 5407
List the prime factors of 12538063.
29, 83, 5209
What are the prime factors of 1541142?
2, 3, 85619
List the prime factors of 693146.
2, 41, 79, 107
What are the prime factors of 395679?
3, 131893
What are the prime factors of 13698574?
2, 6849287
List the prime factors of 628486.
2, 314243
What are the prime factors of 1285663?
31, 67, 619
What are the prime factors of 177773?
389, 457
List the prime factors of 498212.
2, 11, 13, 67
List the prime factors of 77794.
2, 97, 401
List the prime factors of 8548192.
2, 267131
What are the prime factors of 183117?
3, 11, 31, 179
What are the prime factors of 12607240?
2, 5, 315181
What are the prime factors of 1776332?
2, 359, 1237
What are the prime factors of 732060?
2, 3, 5, 7, 83
List the prime factors of 2280620.
2, 5, 114031
What are the prime factors of 13591?
13591
List the prime factors of 8985043.
19, 37, 12781
List the prime factors of 26189932.
2, 37, 311, 569
List the prime factors of 1992288.
2, 3, 20753
List the prime factors of 12893143.
61, 97, 2179
What are the prime factors of 17713639?
37, 478747
List the prime factors of 745061.
43, 17327
What are the prime factors of 2822996?
2, 11, 83, 773
List the prime factors of 524979.
3, 7, 13, 641
What are the prime factors of 4498119?
3, 166597
List the prime factors of 19059299.
7, 19, 47, 3049
What are the prime factors of 13838732?
2, 23, 359, 419
What are the prime factors of 261107?
7, 11, 3391
List the prime factors of 165477.
3, 13, 4243
List the prime factors of 1308033.
3, 23, 71, 89
List the prime factors of 2608716.
2, 3, 11, 19763
List the prime factors of 5494728.
2, 3, 283, 809
What are the prime factors of 4247429?
4247429
What are the prime factors of 2208163?
101, 21863
What are the prime factors of 248837?
23, 31, 349
List the prime factors of 35353618.
2, 17676809
List the prime factors of 15732126.
2, 3, 677, 1291
What are the prime factors of 204740?
2, 5, 29, 353
List the prime factors of 13203877.
61, 233, 929
List the prime factors of 2179807.
7, 137, 2273
List the prime factors of 28744210.
2, 5, 11, 43, 59, 103
List the prime factors of 5855412.
2, 3, 17, 28703
List the prime factors of 6685790.
2, 5, 668579
What are the prime factors of 121843?
121843
What are the prime factors of 9877034?
2, 17, 31, 9371
List the prime factors of 965890.
2, 5, 96589
What are the prime factors of 4505905?
5, 211, 4271
What are the prime factors of 15897?
3, 7, 757
What are the prime factors of 1698704?
2, 7, 29, 523
List the prime factors of 144197.
41, 3517
List the prime factors of 223414.
2, 17, 6571
List the prime factors of 2084687.
11, 189517
What are the prime factors of 1342615?
5, 263, 1021
List the prime factors of 428529.
3, 83, 1721
What are the prime factors of 3128320?
2, 5, 13, 47
List the prime factors of 1451348.
2, 107, 3391
What are the prime factors of 240175?
5, 13, 739
List the prime factors of 615956.
2, 11, 13999
What are the prime factors of 431291?
7, 61613
List the prime factors of 1669941.
3, 7, 13, 2039
List the prime factors of 150021.
3, 79, 211
List the prime factors of 2142857.
2142857
List the prime factors of 263402.
2, 131701
What are the prime factors of 477393?
3, 7, 127, 179
What are the prime factors of 2450790?
2, 3, 5, 29, 313
List the prime factors of 386119.
386119
List the prime factors of 832528.
2, 61, 853
List the prime factors of 739977.
3, 7, 167, 211
What are the prime factors of 30868494?
2, 3, 5144749
List the prime factors of 7229374.
2, 3614687
What are the prime factors of 22902138?
2, 3, 7, 181763
What are the prime factors of 22115?
5, 4423
List the prime factors of 39767484.
2, 3, 3313957
What are the prime factors of 1404519?
3, 468173
List the prime factors of 252945.
3, 5, 7, 11, 73
What are the prime factors of 4376138?
2, 13, 37, 4549
What are the prime factors of 82366?
2, 41183
What are the prime factors of 103199?
31, 3329
List th